u(i) = -2*i**2. Give u(1).
-2
Let h(b) = 24*b + 69. Calculate h(-3).
-3
Let j(k) = -7*k - 65. Determine j(-12).
19
Let c(y) = 14*y + 18. Calculate c(4).
74
Let a(f) = 2*f + 13. Give a(11).
35
Let p(n) = n**3 - 6*n**2 + 5*n - 34. Calculate p(5).
-34
Let n(k) = -k**3 - 10*k**2 + 8*k - 22. What is n(-11)?
11
Let m(q) = -57*q**2 + 2*q + 1. What is m(-1)?
-58
Let v(i) = 5*i**2 - i - 7. Determine v(-4).
77
Let k(o) = -o**3 + o**2 + 23. Calculate k(0).
23
Let r(z) = z**2 - 7*z - 126. Give r(-8).
-6
Let u(p) = p + 25. Calculate u(-13).
12
Let k(n) = 13*n**3 - n**2 - n. Give k(-1).
-13
Let o(w) = w**3 + w**2 - w - 1. Give o(-1).
0
Let t(y) = y**2 + 11*y - 32. Give t(-10).
-42
Let n(r) = -2*r**2 - 7*r - 8. Determine n(-7).
-57
Let k(h) = h**2 - 11*h + 27. Calculate k(8).
3
Let h(q) = -5*q**2 - 7*q - 6. Determine h(-5).
-96
Let q(w) = -69*w + 1028. Give q(15).
-7
Let d(q) = 2*q**2 + 4*q + 4. Give d(-2).
4
Let u(f) = -4*f - 10. What is u(-5)?
10
Let y(k) = -k + 9. Give y(9).
0
Let u(n) = -3*n + 20. What is u(14)?
-22
Let k(m) = -4*m**2 - 3*m + 2. Give k(1).
-5
Let g(q) = q**2 + q + 9. What is g(0)?
9
Let t(a) = -4*a + 49. What is t(14)?
-7
Let c(r) = r**3 - 12*r**2 + 13*r - 27. Calculate c(11).
-5
Let k(m) = -4*m**2 - 29*m + 8. Calculate k(-8).
-16
Let m(v) = v**3 + 5*v**2 + 2*v - 3. Give m(-3).
9
Let z(j) = -7*j**3 + j**2 + 4*j - 4. Calculate z(-3).
182
Let n(z) = -z**2 - 16*z + 16. Calculate n(-19).
-41
Let q(b) = -b**3 + 20*b**2 - 13*b + 21. What is q(19)?
135
Let l(c) = 23*c**2 - 6*c. Calculate l(3).
189
Let x(s) = 20*s + 1. Calculate x(-1).
-19
Let t(k) = 2*k + 9. Determine t(7).
23
Let d(q) = -4*q - 97. Calculate d(-22).
-9
Let p(y) = y**3 + 16*y**2 + 30*y - 7. Determine p(-13).
110
Let i(m) = -11*m + 6. Calculate i(2).
-16
Let q(l) = 14*l + 48. Determine q(-4).
-8
Let o(y) = -5*y + 6. What is o(4)?
-14
Let b(w) = w**2 - 9*w + 10. Give b(6).
-8
Let s(x) = 5*x. Determine s(1).
5
Let p(k) = 3*k**3 - 4*k**2 - 5*k + 11. Give p(3).
41
Let u(l) = -5*l + 90. Give u(16).
10
Let q(r) = -264*r - 1322. Determine q(-5).
-2
Let j(a) = 6*a**2 - 17*a - 61. What is j(5)?
4
Let r(q) = -q**3 - 3*q**2 + 4*q - 5. Give r(-4).
-5
Let i(x) = x - 19. Give i(8).
-11
Let r(y) = 18*y**3 + 3*y**2 - 2*y + 2. Calculate r(2).
154
Let q(h) = 18*h**2. Determine q(1).
18
Let x(s) = -s**3 + 22*s**2 - 11*s - 221. Give x(21).
-11
Let c(r) = -r**2 - 14*r + 14. Give c(-14).
14
Let q(v) = -v + 17. Determine q(11).
6
Let v(l) = -28*l + 342. Give v(12).
6
Let n(x) = x**3 - x**2 + 29. What is n(0)?
29
Let k(l) = 4*l - 33. What is k(10)?
7
Let z(m) = m**3 - 13*m**2 + 14*m - 3. Determine z(11).
-91
Let p(f) = -f**3 + 10*f**2 - 9*f + 3. Calculate p(9).
3
Let i(h) = -h**2 - 9*h - 1. Calculate i(-7).
13
Let i(r) = -3*r - 4. Determine i(6).
-22
Let w(d) = 44*d - 215. Give w(5).
5
Let g(t) = -t**3 - 8*t**2 - 2*t - 3. Give g(-6).
-63
Let s(x) = 12*x + 88. Determine s(-7).
4
Let k(h) = -26*h - 2. Determine k(1).
-28
Let a(i) = i**3 - 10*i**2 + 23*i - 123. Give a(9).
3
Let i(z) = -4*z**2 - 15*z + 20. Determine i(-5).
-5
Let k(l) = -35*l - 70. Calculate k(-2).
0
Let s(j) = j**3 - 5*j**2 - 2*j + 7. Give s(4).
-17
Let r(k) = -k**3 - 11*k**2 - 9*k - 13. Determine r(-10).
-23
Let x(u) = 38*u - 168. What is x(5)?
22
Let x(t) = t**3 - 3*t**2 - 7*t + 8. What is x(4)?
-4
Let y(r) = r**3 + 9*r**2 + 8*r + 5. Give y(-8).
5
Let z(g) = g**3 + 8*g**2 + 7*g - 7. What is z(-7)?
-7
Let g(u) = u**3 - 3*u**2 + u - 33. Determine g(4).
-13
Let r(g) = g**2 - 38*g - 531. Determine r(-11).
8
Let q(u) = u - 4. What is q(6)?
2
Let c(y) = -9*y - 78. Determine c(-8).
-6
Let i(h) = -2*h**2 - 15*h - 5. Give i(-11).
-82
Let u(w) = -w**2 + 9*w - 9. Give u(7).
5
Let b(i) = 2*i**3 + 31*i**2 - 19*i - 37. What is b(-16)?
11
Let a(k) = -k**3 + 12*k**2 + 2*k - 18. Determine a(12).
6
Let g(l) = 2*l**3 + 9*l**2 + 1. Determine g(-4).
17
Let r(a) = -a**2 - 13*a + 2. Give r(-9).
38
Let q(k) = -2*k - 23. Calculate q(-13).
3
Let h(q) = -2*q**2 + 23*q - 18. Calculate h(11).
-7
Let i(x) = 8*x + 113. Calculate i(-10).
33
Let o(p) = 6*p - 2. What is o(-1)?
-8
Let l(r) = -2*r - 28. What is l(-8)?
-12
Let g(p) = -2*p**2 - 27*p - 39. What is g(-12)?
-3
Let f(m) = 3*m - 40. Determine f(13).
-1
Let o(f) = 2*f**2 - 64*f - 82. Determine o(33).
-16
Let l(q) = -q**2 - 11*q + 9. Give l(-11).
9
Let i(z) = -z - 3. Determine i(-3).
0
Let l(b) = -15*b**2 + 1. Calculate l(1).
-14
Let u(w) = -w + 8. Determine u(-7).
15
Let u(h) = -h**3 - 6*h**2 + 5*h + 2. Calculate u(-7).
16
Let y(w) = -w**2 - 15*w + 15. What is y(-16)?
-1
Let c(k) = -k**3 - 5*k**2 + 6*k - 5. Calculate c(-6).
-5
Let s(p) = -2*p**2 - 5*p + 4. What is s(1)?
-3
Let j(p) = -p + 2. Calculate j(-4).
6
Let x(r) = -5*r - 24. Calculate x(15).
-99
Let z(p) = p**2 + 18*p - 6. Give z(-12).
-78
Let i(c) = -c + 6. Give i(15).
-9
Let f(o) = -3*o + 91. What is f(29)?
4
Let w(a) = a**2 + 3*a - 34. What is w(-8)?
6
Let z(v) = -7*v + 60. Give z(10).
-10
Let q(s) = -4*s + 42. Give q(23).
-50
Let f(o) = o**2 - 8*o + 12. Calculate f(4).
-4
Let v(t) = -40*t + 1324. What is v(33)?
4
Let x(d) = -18*d + 2. Determine x(-3).
56
Let t(b) = 44*b - 1. Calculate t(-2).
-89
Let t(m) = 4*m + 9. What is t(-4)?
-7
Let t(a) = -a**2 - 6*a - 3. Give t(-6).
-3
Let u(y) = -16*y + 8. Calculate u(4).
-56
Let m(w) = w**2 + 10*w - 18. What is m(-11)?
-7
Let w(t) = 13*t + 2. Give w(-1).
-11
Let p(l) = l**3 - 8*l**2 + 6*l + 8. What is p(7)?
1
Let d(j) = -j**3 - 8*j**2 - j + 19. Give d(-8).
27
Let c(r) = r - 20. Calculate c(9).
-11
Let g(v) = -11*v**2 - 2*v - 2. What is g(-1)?
-11
Let m(z) = z**2 - z - 1. What is m(-3)?
11
Let k(v) = 2*v + 5. Give k(3).
11
Let t(r) = r**2 - 61. Determine t(0).
-61
Let f(g) = 3*g - 9. Calculate f(6).
9
Let k(m) = 2*m + 9. Determine k(4).
17
Let b(c) = c + 3. Calculate b(8).
11
Let i(t) = -t + 16. Give i(7).
9
Let p(o) = -2*o**2 + o + 5. Give p(3).
-10
Let u(c) = 3*c**3 + c**2 - 9*c - 9. Calculate u(-3).
-54
Let l(j) = j**3 + 6*j**2 - 15*j - 3. Determine l(-7).
53
Let f(q) = 70*q + 1058. Calculate f(-15).
8
Let x(v) = 9*v + 52. Give x(-5).
7
Let c(s) = s - 24. Calculate c(6).
-18
Let f(q) = -q**3 + 11*q**2 - 5*q - 12. Calculate f(10).
38
Let l(b) = -b**3 - 20*b**2 + 24*b + 69. Give l(-21).
6
Let o(a) = -2*a**3 + 39*a**2 - 18*a - 23. What is o(19)?
-4
Let a(l) = -l - 6. What is a(1)?
-7
Let v(y) = -y - 5. Give v(-7).
2
Let g(v) = v**3 - 2*v + 3. Give g(-3).
-18
Let s(k) = -k**3 + 6*k**2 - 3*k - 10. Give s(3).
8
Let r(v) = -3*v. Determine r(1).
-3
Let x(k) = k**3 + 4*k**2 - 4*k - 14. Give x(-4).
2
Let i(z) = 2*z**2 + z + 16. Give i(0).
16
Let q(o) = o**2 - 15*o - 3. Determine q(11).
-47
Let o(p) = -p**3 - 7*p**2 + 6*p + 9. Calculate o(-7).
-33
Let y(a) = -a**3 - 9*a**2 + 12*a + 23. Give y(-10).
3
Let z(b) = 11*b**2 + b - 1. Give z(1).
11
Let l(g) = g**3 - 2*g**2 - g - 86. Give l(0).
-86
Let b(c) = -c**2 - 8*c + 50. What is b(-13)?
-15
Let v(l) = l**3 + 10*l**2 - 8*l + 26. Calculate v(-11).
-7
Let u(o) = o**2 - 4*o - 11. What is u(-3)?
10
Let k(r) = r**3 + 19*r**2 - 21*r - 23. Determine k(-20).
-3
Let m(f) = f + 3. What is m(-4)?
-1
Let b(v) = -v**3 + 6*v**2 - 3*v + 3. Determine b(4).
23
Let b(m) = 2*m**3 + 59*m**2 - 25*m + 142. Calculate b(-30).
-8
Let p(x) = 5*x + 27. What is p(-9)?
-18
Let f(o) = -35*o + 125. Give f(4).
-15
Let r(l) = 2*l**2 - 17*l + 15. Determine r(11).
70
Let b(l) = l**2 + 8*l - 1. Calculate b(-9).
8
Let f(r) = -r**2 + 25*r - 32. Give f(24).
-8
Let m(c) = 206*c - 1. Calculate m(1).
205
Let g(s) = s**3 + 14*s**2 + 13*s - 7. Determine g(-13).
-7
Let o(i) = -i + 22. Give o(10).
12
Let y(v) = 2*v**3 - 24*v**2 - 26*v - 3. Determine y(13).
-3
Let g(j) = -j - 58. Determine g(-46).
-12
Let n(j) = 7*j - 39. Determine n(5).
-4
Let n(h) = -h**2 - 28*h - 20. Calculate n(-27).
7
Let y(a) = -a**2 - 13*a + 3. What is y(-11)?
25
Let m(z) = -z**2 - 10*z - 8. Give m(-10).
-8
Let k(q) = 46*q - 5. Determine k(-1).
-51
Let i(j) = 14*j - 3. What is i(1)?
11
Let a(x) = -x**2 - 2*x - 1. What is a(0)?
-1
Let i(o) = -o**2 - 7*o - 1. Determine i(-9).
-19
Let l(c) = 2*c**3 - 20*c**2 - 4*c + 33. What is l(10)?
-7
Let b(p) = -4*p**3 + 2*p**2 + 7*p + 26. Give b(-3).
131
Let l(r) = -r**2 - 4*r + 7. Determine l(-5).
2
Let x(r) = 26*r - 781. What is x(30)?
-1
Let n(g) = -21*g - 204. Determine n(-10).
6
Let n(y) = 14*y - 16. 